ens digit of 80518?
1
What is the units digit of 313698?
8
What is the hundred thousands digit of 133478?
1
What is the hundred thousands digit of 1032721?
0
What is the tens digit of 1246003?
0
What is the ten thousands digit of 1242052?
4
What is the hundreds digit of 10589040?
0
What is the hundreds digit of 11559828?
8
What is the ten thousands digit of 10909939?
0
What is the units digit of 305666?
6
What is the thousands digit of 863682?
3
What is the units digit of 107908?
8
What is the thousands digit of 111860?
1
What is the hundred thousands digit of 18388032?
3
What is the ten thousands digit of 19096622?
9
What is the thousands digit of 37301?
7
What is the ten thousands digit of 338406?
3
What is the hundred thousands digit of 2593418?
5
What is the units digit of 10017684?
4
What is the tens digit of 177211?
1
What is the hundred thousands digit of 6066687?
0
What is the units digit of 227861?
1
What is the ten thousands digit of 2019800?
1
What is the thousands digit of 371683?
1
What is the millions digit of 1540875?
1
What is the millions digit of 5967445?
5
What is the ten millions digit of 22137779?
2
What is the ten thousands digit of 671986?
7
What is the tens digit of 168321?
2
What is the hundreds digit of 209419?
4
What is the hundred thousands digit of 1110904?
1
What is the units digit of 352411?
1
What is the thousands digit of 10423209?
3
What is the thousands digit of 1228693?
8
What is the thousands digit of 2084197?
4
What is the thousands digit of 148378?
8
What is the tens digit of 62572?
7
What is the units digit of 21076950?
0
What is the millions digit of 4856176?
4
What is the units digit of 1181582?
2
What is the tens digit of 291925?
2
What is the tens digit of 167771?
7
What is the hundreds digit of 1161427?
4
What is the hundreds digit of 1282?
2
What is the hundreds digit of 4120616?
6
What is the units digit of 154077?
7
What is the tens digit of 340532?
3
What is the thousands digit of 255459?
5
What is the hundred thousands digit of 600372?
6
What is the tens digit of 478237?
3
What is the hundred thousands digit of 125077?
1
What is the ten thousands digit of 513904?
1
What is the tens digit of 451092?
9
What is the units digit of 238237?
7
What is the tens digit of 1732830?
3
What is the ten thousands digit of 29490573?
9
What is the hundreds digit of 95337?
3
What is the tens digit of 196114?
1
What is the thousands digit of 307355?
7
What is the tens digit of 1802?
0
What is the thousands digit of 150171?
0
What is the hundred thousands digit of 296923?
2
What is the hundreds digit of 5802334?
3
What is the thousands digit of 1694644?
4
What is the hundreds digit of 14877?
8
What is the hundreds digit of 36391202?
2
What is the units digit of 7169596?
6
What is the thousands digit of 9919181?
9
What is the thousands digit of 1428717?
8
What is the tens digit of 258389?
8
What is the millions digit of 10839586?
0
What is the units digit of 3708709?
9
What is the hundred thousands digit of 9803411?
8
What is the tens digit of 188687?
8
What is the hundreds digit of 3344165?
1
What is the hundred thousands digit of 4954550?
9
What is the hundreds digit of 7455914?
9
What is the hundreds digit of 2323834?
8
What is the tens digit of 1863911?
1
What is the hundred thousands digit of 216835?
2
What is the tens digit of 698447?
4
What is the ten thousands digit of 600693?
0
What is the tens digit of 243387?
8
What is the thousands digit of 8378979?
8
What is the units digit of 11069729?
9
What is the millions digit of 14112407?
4
What is the hundred thousands digit of 888522?
8
What is the ten thousands digit of 3430100?
3
What is the ten thousands digit of 1075506?
7
What is the thousands digit of 588756?
8
What is the ten thousands digit of 1238369?
3
What is the millions digit of 13979808?
3
What is the ten thousands digit of 5125565?
2
What is the units digit of 4892705?
5
What is the ten thousands digit of 4356149?
5
What is the millions digit of 3584103?
3
What is the hundred thousands digit of 7580142?
5
What is the units digit of 179427?
7
What is the units digit of 6033277?
7
What is the ten thousands digit of 310292?
1
What is the ten thousands digit of 1086909?
8
What is the ten thousands digit of 6148161?
4
What is the tens digit of 1705283?
8
What is the ten thousands digit of 139781?
3
What is the hundreds digit of 4492699?
6
What is the hundred thousands digit of 6339332?
3
What is the hundred thousands digit of 17330911?
3
What is the hundred thousands digit of 1623978?
6
What is the hundred thousands digit of 904802?
9
What is the hundreds digit of 3538914?
9
What is the thousands digit of 1088529?
8
What is the thousands digit of 101071?
1
What is the millions digit of 12296846?
2
What is the hundred thousands digit of 496229?
4
What is the thousands digit of 634988?
4
What is the millions digit of 2303797?
2
What is the ten thousands digit of 119411?
1
What is the hundreds digit of 26615?
6
What is the units digit of 375649?
9
What is the hundred thousands digit of 3324688?
3
What is the hundred thousands digit of 233933?
2
What is the hundred thousands digit of 433266?
4
What is the thousands digit of 90292?
0
What is the hundred thousands digit of 499125?
4
What is the units digit of 4210652?
2
What is the tens digit of 1022047?
4
What is the millions digit of 2316154?
2
What is the ten thousands digit of 37765132?
6
What is the tens digit of 20335306?
0
What is the thousands digit of 2462375?
2
What is the tens digit of 38020?
2
What is the ten thousands digit of 108802?
0
What is the hundred thousands digit of 664555?
6
What is the hundreds digit of 4875115?
1
What is the units digit of 3857808?
8
What is the hundreds digit of 631653?
6
What is the ten thousands digit of 3519853?
1
What is the units digit of 306696?
6
What is the thousands digit of 30738977?
8
What is the ten thousands digit of 41872336?
7
What is the thousands digit of 5072550?
2
What is the tens digit of 108138?
3
What is the ten thousands digit of 2055732?
5
What is the ten thousands digit of 6616354?
1
What is the ten millions digit of 16069559?
1
What is the units digit of 755383?
3
What is the units digit of 142576?
6
What is the hundreds digit of 7713504?
5
What is the units digit of 5523397?
7
What is the thousands digit of 391846?
1
What is the thousands digit of 862224?
2
What is the hundreds digit of 3444221?
2
What is the ten thousands digit of 35096?
3
What is the tens digit of 530761?
6
What is the ten thousands digit of 1879266?
7
What is the millions digit of 8759547?
8
What is the hundred thousands digit of 827195?
8
What is the tens digit of 5368567?
6
What is the tens digit of 2653053?
5
What is the thousands digit of 93838?
3
What is the ten thousands digit of 12199598?
9
What is the units digit of 156298?
8
What is the units digit of 453439?
9
What is the millions digit of 3169279?
3
What is the thousands digit of 1787556?
7
What is the hundreds digit of 4437772?
7
What is the hundred thousands digit of 30618854?
6
What is the millions digit of 7421428?
7
What is the tens digit of 59179?
7
What is the hundreds digit of 73470?
4
What is the units digit of 1836575?
5
What is the tens digit of 765149?
4
What is the units digit of 2716479?
9
What is the millions digit of 12912014?
2
What is the thousands digit of 936398?
6
What is the units digit of 4265600?
0
What is the tens digit of 136318?
1
What is the hundred thousands digit of 5983687?
9
What is the ten thousands digit of 6397256?
9
What is the hundreds digit of 3149353?
3
What is the tens digit of 716922?
2
What is the units digit of 994063?
3
What is the hundred thousands digit of 881480?
8
What is the hundreds digit of 48006?
0
What is the units digit of 169874?
4
What is the ten thousands digit of 2150425?
5
What is the hundred thousands digit of 246011?
2
What is the hundreds digit of 1804952?
9
What is the hundreds digit of 547702?
7
What is the ten thousands digit of 1759923?
5
What is the hundreds digit of 599107?
1
What is the units digit of 6298858?
8
What is the ten millions digit of 15732700?
1
What is the units digit of 19734923?
3
What is the ten thousands digit of 734802?
3
What is the hundred thousands digit of 3166331